{"id":38,"date":"2026-01-25T14:43:18","date_gmt":"2026-01-25T13:43:18","guid":{"rendered":"https:\/\/biotikpolska.pl\/?page_id=38"},"modified":"2026-02-01T00:34:01","modified_gmt":"2026-01-31T23:34:01","slug":"organizacja-eventow","status":"publish","type":"page","link":"https:\/\/biotikpolska.pl\/index.php\/organizacja-eventow\/","title":{"rendered":"Organizacja Event\u00f3w"},"content":{"rendered":"\t\t<div data-elementor-type=\"wp-page\" data-elementor-id=\"38\" class=\"elementor elementor-38\">\n\t\t\t\t<div class=\"elementor-element elementor-element-33c27c4 e-con-full e-flex wpr-particle-no wpr-jarallax-no wpr-parallax-no wpr-sticky-section-no e-con e-parent\" data-id=\"33c27c4\" data-element_type=\"container\" data-settings=\"{&quot;background_background&quot;:&quot;classic&quot;}\">\n\t\t<div class=\"elementor-element elementor-element-fcc4e52 e-flex e-con-boxed wpr-particle-no wpr-jarallax-no wpr-parallax-no wpr-sticky-section-no e-con e-child\" data-id=\"fcc4e52\" data-element_type=\"container\">\n\t\t\t\t\t<div class=\"e-con-inner\">\n\t\t\t\t<div class=\"elementor-element elementor-element-69e3e0c elementor-invisible elementor-widget elementor-widget-heading\" data-id=\"69e3e0c\" data-element_type=\"widget\" data-settings=\"{&quot;_animation&quot;:&quot;fadeInUp&quot;}\" data-widget_type=\"heading.default\">\n\t\t\t\t\t<h1 class=\"elementor-heading-title elementor-size-default\"><p class=\"MsoNormal\"><b><span lang=\"EN-US\">Tworzymy profesjonalne i dopasowane do potrzeb klient\u00f3w wydarzenia, kt\u00f3re poszerzaj\u0105 wiedz\u0119 pracownik\u00f3w, wspieraj\u0105 rozw\u00f3j osobisty oraz buduj\u0105 pozytywny wizerunek Firmy.<\/span><\/b><span style=\"font-size: 2.5rem\"><\/span><\/p><\/h1>\t\t\t\t<\/div>\n\t\t\t\t\t<\/div>\n\t\t\t\t<\/div>\n\t\t<div class=\"elementor-element elementor-element-1c958ab e-flex e-con-boxed wpr-particle-no wpr-jarallax-no wpr-parallax-no wpr-sticky-section-no e-con e-child\" data-id=\"1c958ab\" data-element_type=\"container\" data-settings=\"{&quot;animation&quot;:&quot;none&quot;}\">\n\t\t\t\t\t<div class=\"e-con-inner\">\n\t\t\t\t<div class=\"elementor-element elementor-element-3cb1290 elementor-widget__width-initial elementor-invisible elementor-widget elementor-widget-text-editor\" data-id=\"3cb1290\" data-element_type=\"widget\" data-settings=\"{&quot;_animation&quot;:&quot;fadeInUp&quot;}\" data-widget_type=\"text-editor.default\">\n\t\t\t\t\t\t\t\t\t<p>\u00a0Eventy i szkolenia dopasowane do Twojej organizacji<br \/>Projektujemy i realizujemy dedykowane eventy oraz szkolenia dla firm, tworzone w oparciu o realne potrzeby organizacji. Ka\u017cde wydarzenie przygotowujemy indywidualnie \u2013 od koncepcji, przez program merytoryczny, a\u017c po pe\u0142n\u0105 organizacj\u0119 i koordynacj\u0119.<br \/>Realizujemy szkolenia rozwojowe i techniczne, wspieraj\u0105ce zar\u00f3wno rozw\u00f3j kompetencji osobistych, jak i specjalistycznej wiedzy bran\u017cowej. Uzupe\u0142niamy je o dzia\u0142ania integracyjne, kt\u00f3re wzmacniaj\u0105 wsp\u00f3\u0142prac\u0119, komunikacj\u0119 i zaanga\u017cowanie zespo\u0142\u00f3w.<br \/>\u0141\u0105czymy do\u015bwiadczenie, sprawn\u0105 logistyk\u0119 i praktyczne podej\u015bcie, tworz\u0105c wyj\u0105tkowe wydarzenia, kt\u00f3re maj\u0105 realn\u0105 warto\u015b\u0107 dla uczestnik\u00f3w i organizatora.<\/p>\t\t\t\t\t\t\t\t<\/div>\n\t\t\t\t<div class=\"elementor-element elementor-element-97deab1 elementor-invisible elementor-widget elementor-widget-image\" data-id=\"97deab1\" data-element_type=\"widget\" data-settings=\"{&quot;_animation&quot;:&quot;fadeInUp&quot;}\" data-widget_type=\"image.default\">\n\t\t\t\t\t\t\t\t\t\t\t\t\t\t\t<img fetchpriority=\"high\" decoding=\"async\" width=\"800\" height=\"512\" src=\"https:\/\/biotikpolska.pl\/wp-content\/uploads\/2026\/01\/EVENTS-e1769803358547-1024x655.png\" class=\"attachment-large size-large wp-image-538\" alt=\"\" srcset=\"https:\/\/biotikpolska.pl\/wp-content\/uploads\/2026\/01\/EVENTS-e1769803358547-1024x655.png 1024w, https:\/\/biotikpolska.pl\/wp-content\/uploads\/2026\/01\/EVENTS-e1769803358547-300x192.png 300w, https:\/\/biotikpolska.pl\/wp-content\/uploads\/2026\/01\/EVENTS-e1769803358547-768x491.png 768w, https:\/\/biotikpolska.pl\/wp-content\/uploads\/2026\/01\/EVENTS-e1769803358547-1536x982.png 1536w, https:\/\/biotikpolska.pl\/wp-content\/uploads\/2026\/01\/EVENTS-e1769803358547.png 1917w\" sizes=\"(max-width: 800px) 100vw, 800px\" \/>\t\t\t\t\t\t\t\t\t\t\t\t\t\t\t<\/div>\n\t\t\t\t\t<\/div>\n\t\t\t\t<\/div>\n\t\t<div class=\"elementor-element elementor-element-7b86f82 e-flex e-con-boxed wpr-particle-no wpr-jarallax-no wpr-parallax-no wpr-sticky-section-no e-con e-child\" data-id=\"7b86f82\" data-element_type=\"container\" data-settings=\"{&quot;animation&quot;:&quot;none&quot;}\">\n\t\t\t\t\t<div class=\"e-con-inner\">\n\t\t\t\t<div class=\"elementor-element elementor-element-1068462 elementor-widget__width-initial elementor-invisible elementor-widget elementor-widget-text-editor\" data-id=\"1068462\" data-element_type=\"widget\" data-settings=\"{&quot;_animation&quot;:&quot;fadeInUp&quot;}\" data-widget_type=\"text-editor.default\">\n\t\t\t\t\t\t\t\t\t<p>Zakres szkole\u0144 i dzia\u0142a\u0144<\/p><ul><li>Szkolenia rozwojowe \u2013 komunikacja, wsp\u00f3\u0142praca w zespole, zarz\u0105dzanie, rozw\u00f3j kompetencji osobistych<\/li><li>Szkolenia techniczne i bran\u017cowe \u2013 programy dopasowane do specyfiki organizacji i stanowisk<\/li><li>Szkolenia dedykowane \u2013 projektowane na podstawie realnych wyzwa\u0144 i cel\u00f3w firmy<\/li><li>Integracja zespo\u0142\u00f3w \u2013 eventy i warsztaty wspieraj\u0105ce relacje, motywacj\u0119 i zaanga\u017cowanie pracownik\u00f3w<\/li><\/ul><p>Skontaktuj si\u0119 z nami \u2013 przygotujemy rozwi\u0105zanie dopasowane do Twojej firmy.<\/p><div id=\"simple-translate\" class=\"simple-translate-system-theme\"><div><div class=\"simple-translate-button isShow\" style=\"background-image: url('chrome-extension:\/\/cllnohpbfenopiakdcjmjcbaeapmkcdl\/icons\/512.png'); height: 22px; width: 22px; top: 70px; left: 10px;\">\u00a0<\/div><div class=\"simple-translate-panel \" style=\"width: 300px; height: 200px; top: 0px; left: 0px; font-size: 13px;\"><div class=\"simple-translate-result-wrapper\" style=\"overflow: hidden;\"><div class=\"simple-translate-move\" draggable=\"true\">\u00a0<\/div><div class=\"simple-translate-result-contents\"><p class=\"simple-translate-candidate\" dir=\"auto\">\u00a0<\/p><\/div><\/div><\/div><\/div><\/div>\t\t\t\t\t\t\t\t<\/div>\n\t\t\t\t<div class=\"elementor-element elementor-element-c97fde2 elementor-invisible elementor-widget elementor-widget-image\" data-id=\"c97fde2\" data-element_type=\"widget\" data-settings=\"{&quot;_animation&quot;:&quot;fadeInUp&quot;}\" data-widget_type=\"image.default\">\n\t\t\t\t\t\t\t\t\t\t\t\t\t\t\t<img decoding=\"async\" width=\"800\" height=\"533\" src=\"https:\/\/biotikpolska.pl\/wp-content\/uploads\/2026\/01\/EVENTS-2-e1769803385643-1024x682.png\" class=\"attachment-large size-large wp-image-291\" alt=\"\" srcset=\"https:\/\/biotikpolska.pl\/wp-content\/uploads\/2026\/01\/EVENTS-2-e1769803385643-1024x682.png 1024w, https:\/\/biotikpolska.pl\/wp-content\/uploads\/2026\/01\/EVENTS-2-e1769803385643-300x200.png 300w, https:\/\/biotikpolska.pl\/wp-content\/uploads\/2026\/01\/EVENTS-2-e1769803385643-768x511.png 768w, https:\/\/biotikpolska.pl\/wp-content\/uploads\/2026\/01\/EVENTS-2-e1769803385643-1536x1023.png 1536w, https:\/\/biotikpolska.pl\/wp-content\/uploads\/2026\/01\/EVENTS-2-e1769803385643.png 1907w\" sizes=\"(max-width: 800px) 100vw, 800px\" \/>\t\t\t\t\t\t\t\t\t\t\t\t\t\t\t<\/div>\n\t\t\t\t\t<\/div>\n\t\t\t\t<\/div>\n\t\t\t\t<\/div>\n\t\t\t\t<\/div>\n\t\t","protected":false},"excerpt":{"rendered":"<p>Tworzymy profesjonalne i dopasowane do potrzeb klient\u00f3w wydarzenia, kt\u00f3re poszerzaj\u0105 wiedz\u0119 pracownik\u00f3w, wspieraj\u0105 rozw\u00f3j osobisty oraz buduj\u0105 pozytywny wizerunek Firmy. \u00a0Eventy i szkolenia dopasowane do Twojej organizacjiProjektujemy i realizujemy dedykowane eventy oraz szkolenia dla firm, tworzone w oparciu o realne potrzeby organizacji. Ka\u017cde wydarzenie przygotowujemy indywidualnie \u2013 od koncepcji, przez program merytoryczny, a\u017c po pe\u0142n\u0105 organizacj\u0119 i koordynacj\u0119.Realizujemy szkolenia rozwojowe i techniczne, wspieraj\u0105ce zar\u00f3wno rozw\u00f3j kompetencji osobistych, jak i specjalistycznej wiedzy bran\u017cowej. Uzupe\u0142niamy je o dzia\u0142ania integracyjne, kt\u00f3re wzmacniaj\u0105 wsp\u00f3\u0142prac\u0119, komunikacj\u0119 i zaanga\u017cowanie zespo\u0142\u00f3w.\u0141\u0105czymy do\u015bwiadczenie, sprawn\u0105 logistyk\u0119 i praktyczne podej\u015bcie, tworz\u0105c wyj\u0105tkowe wydarzenia, kt\u00f3re maj\u0105 realn\u0105 warto\u015b\u0107 dla uczestnik\u00f3w i organizatora. Zakres szkole\u0144 i dzia\u0142a\u0144 Szkolenia rozwojowe \u2013 komunikacja, wsp\u00f3\u0142praca w zespole, zarz\u0105dzanie, rozw\u00f3j kompetencji osobistych Szkolenia techniczne i bran\u017cowe \u2013 programy dopasowane do specyfiki organizacji i stanowisk Szkolenia dedykowane \u2013 projektowane na podstawie realnych wyzwa\u0144 i cel\u00f3w firmy Integracja zespo\u0142\u00f3w \u2013 eventy i warsztaty wspieraj\u0105ce relacje, motywacj\u0119 i zaanga\u017cowanie pracownik\u00f3w Skontaktuj si\u0119 z nami \u2013 przygotujemy rozwi\u0105zanie dopasowane do Twojej firmy. \u00a0\u00a0 \u00a0<\/p>\n","protected":false},"author":2,"featured_media":0,"parent":0,"menu_order":0,"comment_status":"closed","ping_status":"closed","template":"","meta":{"footnotes":""},"class_list":["post-38","page","type-page","status-publish","hentry"],"_links":{"self":[{"href":"https:\/\/biotikpolska.pl\/index.php\/wp-json\/wp\/v2\/pages\/38","targetHints":{"allow":["GET"]}}],"collection":[{"href":"https:\/\/biotikpolska.pl\/index.php\/wp-json\/wp\/v2\/pages"}],"about":[{"href":"https:\/\/biotikpolska.pl\/index.php\/wp-json\/wp\/v2\/types\/page"}],"author":[{"embeddable":true,"href":"https:\/\/biotikpolska.pl\/index.php\/wp-json\/wp\/v2\/users\/2"}],"replies":[{"embeddable":true,"href":"https:\/\/biotikpolska.pl\/index.php\/wp-json\/wp\/v2\/comments?post=38"}],"version-history":[{"count":13,"href":"https:\/\/biotikpolska.pl\/index.php\/wp-json\/wp\/v2\/pages\/38\/revisions"}],"predecessor-version":[{"id":619,"href":"https:\/\/biotikpolska.pl\/index.php\/wp-json\/wp\/v2\/pages\/38\/revisions\/619"}],"wp:attachment":[{"href":"https:\/\/biotikpolska.pl\/index.php\/wp-json\/wp\/v2\/media?parent=38"}],"curies":[{"name":"wp","href":"https:\/\/api.w.org\/{rel}","templated":true}]}}