{"id":34,"date":"2026-01-25T14:42:41","date_gmt":"2026-01-25T13:42:41","guid":{"rendered":"https:\/\/biotikpolska.pl\/?page_id=34"},"modified":"2026-02-01T00:41:47","modified_gmt":"2026-01-31T23:41:47","slug":"mikrobiologiczne","status":"publish","type":"page","link":"https:\/\/biotikpolska.pl\/index.php\/mikrobiologiczne\/","title":{"rendered":"Mikrobiologiczne"},"content":{"rendered":"\t\t<div data-elementor-type=\"wp-page\" data-elementor-id=\"34\" class=\"elementor elementor-34\">\n\t\t\t\t<div class=\"elementor-element elementor-element-efbdd6d e-con-full e-flex wpr-particle-no wpr-jarallax-no wpr-parallax-no wpr-sticky-section-no e-con e-parent\" data-id=\"efbdd6d\" data-element_type=\"container\" data-settings=\"{&quot;background_background&quot;:&quot;classic&quot;}\">\n\t\t<div class=\"elementor-element elementor-element-f664083 e-flex e-con-boxed wpr-particle-no wpr-jarallax-no wpr-parallax-no wpr-sticky-section-no e-con e-child\" data-id=\"f664083\" data-element_type=\"container\">\n\t\t\t\t\t<div class=\"e-con-inner\">\n\t\t\t\t<div class=\"elementor-element elementor-element-6213dea elementor-invisible elementor-widget elementor-widget-heading\" data-id=\"6213dea\" data-element_type=\"widget\" data-settings=\"{&quot;_animation&quot;:&quot;fadeInUp&quot;}\" data-widget_type=\"heading.default\">\n\t\t\t\t\t<h1 class=\"elementor-heading-title elementor-size-default\"><p>Mikrobiologiczne Produkty Nawozowe JMS-GLOBAL<span style=\"font-size: 2.5rem\"><\/span><\/p><\/h1>\t\t\t\t<\/div>\n\t\t\t\t\t<\/div>\n\t\t\t\t<\/div>\n\t\t<div class=\"elementor-element elementor-element-e45738a e-flex e-con-boxed wpr-particle-no wpr-jarallax-no wpr-parallax-no wpr-sticky-section-no e-con e-child\" data-id=\"e45738a\" data-element_type=\"container\" data-settings=\"{&quot;animation&quot;:&quot;none&quot;}\">\n\t\t\t\t\t<div class=\"e-con-inner\">\n\t\t\t\t<div class=\"elementor-element elementor-element-525fcd0 elementor-widget__width-initial elementor-invisible elementor-widget elementor-widget-text-editor\" data-id=\"525fcd0\" data-element_type=\"widget\" data-settings=\"{&quot;_animation&quot;:&quot;fadeInUp&quot;}\" data-widget_type=\"text-editor.default\">\n\t\t\t\t\t\t\t\t\t<p>\u00a0GLEBOSTAN &#8211; NAWOZOWY PRODUKT MIKROBIOLOGICZNY<\/p><p>\u2022 chroni przed niedoborem wody<br \/>\u2022 zwi\u0119ksza plonowanie oraz zdrowotno\u015b\u0107 ro\u015blin<br \/>\u2022 przywraca r\u00f3wnowag\u0119 mikrobiologiczn\u0105 gleby<\/p>\t\t\t\t\t\t\t\t<\/div>\n\t\t\t\t<div class=\"elementor-element elementor-element-9b53d95 elementor-invisible elementor-widget elementor-widget-image\" data-id=\"9b53d95\" data-element_type=\"widget\" data-settings=\"{&quot;_animation&quot;:&quot;fadeInUp&quot;}\" data-widget_type=\"image.default\">\n\t\t\t\t\t\t\t\t\t\t\t\t\t\t\t<img decoding=\"async\" width=\"150\" height=\"150\" src=\"https:\/\/biotikpolska.pl\/wp-content\/uploads\/2026\/01\/image002-150x150.png\" class=\"attachment-thumbnail size-thumbnail wp-image-435\" alt=\"\" srcset=\"https:\/\/biotikpolska.pl\/wp-content\/uploads\/2026\/01\/image002-150x150.png 150w, https:\/\/biotikpolska.pl\/wp-content\/uploads\/2026\/01\/image002.png 234w\" sizes=\"(max-width: 150px) 100vw, 150px\" \/>\t\t\t\t\t\t\t\t\t\t\t\t\t\t\t<\/div>\n\t\t\t\t\t<\/div>\n\t\t\t\t<\/div>\n\t\t<div class=\"elementor-element elementor-element-211725a e-flex e-con-boxed wpr-particle-no wpr-jarallax-no wpr-parallax-no wpr-sticky-section-no e-con e-child\" data-id=\"211725a\" data-element_type=\"container\" data-settings=\"{&quot;animation&quot;:&quot;none&quot;}\">\n\t\t\t\t\t<div class=\"e-con-inner\">\n\t\t\t\t<div class=\"elementor-element elementor-element-d2fdb78 elementor-widget__width-initial elementor-invisible elementor-widget elementor-widget-text-editor\" data-id=\"d2fdb78\" data-element_type=\"widget\" data-settings=\"{&quot;_animation&quot;:&quot;fadeInUp&quot;}\" data-widget_type=\"text-editor.default\">\n\t\t\t\t\t\t\t\t\t<p>\u00a0STYMUL HUMIBAKT &#8211; STYMULATOR WZROSTU do stosowania w uprawach polowych<\/p><p>\u2022 aktywuje i wzmacnia naturalne procesy fizjologiczne w ro\u015blinach<br \/>\u2022 intensyfikuje dynamik\u0119 wzrostu ro\u015blin i plon\u00f3w<br \/>\u2022 dopuszczony do upraw ekologicznych\u00a0<\/p>\t\t\t\t\t\t\t\t<\/div>\n\t\t\t\t<div class=\"elementor-element elementor-element-410e199 elementor-invisible elementor-widget elementor-widget-image\" data-id=\"410e199\" data-element_type=\"widget\" data-settings=\"{&quot;_animation&quot;:&quot;fadeInUp&quot;}\" data-widget_type=\"image.default\">\n\t\t\t\t\t\t\t\t\t\t\t\t\t\t\t<img decoding=\"async\" width=\"150\" height=\"141\" src=\"https:\/\/biotikpolska.pl\/wp-content\/uploads\/2026\/01\/image004-1-150x141.png\" class=\"attachment-thumbnail size-thumbnail wp-image-439\" alt=\"\" \/>\t\t\t\t\t\t\t\t\t\t\t\t\t\t\t<\/div>\n\t\t\t\t\t<\/div>\n\t\t\t\t<\/div>\n\t\t<div class=\"elementor-element elementor-element-2d8812b e-flex e-con-boxed wpr-particle-no wpr-jarallax-no wpr-parallax-no wpr-sticky-section-no e-con e-child\" data-id=\"2d8812b\" data-element_type=\"container\" data-settings=\"{&quot;animation&quot;:&quot;none&quot;}\">\n\t\t\t\t\t<div class=\"e-con-inner\">\n\t\t\t\t<div class=\"elementor-element elementor-element-4be93a6 elementor-widget__width-initial elementor-invisible elementor-widget elementor-widget-text-editor\" data-id=\"4be93a6\" data-element_type=\"widget\" data-settings=\"{&quot;_animation&quot;:&quot;fadeInUp&quot;}\" data-widget_type=\"text-editor.default\">\n\t\t\t\t\t\t\t\t\t<p>\u00a0HUMIBAKT &#8211; \u015aRODEK POPRAWIAJ\u0104CY W\u0141A\u015aCIWO\u015aCI GLEBY<\/p><p>\u2022 chroni przed niedoborem wody<br \/>\u2022 zwi\u0119ksza plonowanie oraz zdrowotno\u015b\u0107 ro\u015blin<br \/>\u2022 przywraca r\u00f3wnowag\u0119 mikrobiologiczn\u0105 gleby<\/p>\t\t\t\t\t\t\t\t<\/div>\n\t\t\t\t<div class=\"elementor-element elementor-element-1b048df elementor-invisible elementor-widget elementor-widget-image\" data-id=\"1b048df\" data-element_type=\"widget\" data-settings=\"{&quot;_animation&quot;:&quot;fadeInUp&quot;}\" data-widget_type=\"image.default\">\n\t\t\t\t\t\t\t\t\t\t\t\t\t\t\t<img decoding=\"async\" width=\"150\" height=\"150\" src=\"https:\/\/biotikpolska.pl\/wp-content\/uploads\/2026\/01\/image006-150x150.png\" class=\"attachment-thumbnail size-thumbnail wp-image-437\" alt=\"\" srcset=\"https:\/\/biotikpolska.pl\/wp-content\/uploads\/2026\/01\/image006-150x150.png 150w, https:\/\/biotikpolska.pl\/wp-content\/uploads\/2026\/01\/image006.png 156w\" sizes=\"(max-width: 150px) 100vw, 150px\" \/>\t\t\t\t\t\t\t\t\t\t\t\t\t\t\t<\/div>\n\t\t\t\t\t<\/div>\n\t\t\t\t<\/div>\n\t\t<div class=\"elementor-element elementor-element-942eac6 e-flex e-con-boxed wpr-particle-no wpr-jarallax-no wpr-parallax-no wpr-sticky-section-no e-con e-child\" data-id=\"942eac6\" data-element_type=\"container\">\n\t\t\t\t\t<div class=\"e-con-inner\">\n\t\t\t\t<div class=\"elementor-element elementor-element-b17b1a6 elementor-invisible elementor-widget elementor-widget-heading\" data-id=\"b17b1a6\" data-element_type=\"widget\" data-settings=\"{&quot;_animation&quot;:&quot;fadeInUp&quot;}\" data-widget_type=\"heading.default\">\n\t\t\t\t\t<h3 class=\"elementor-heading-title elementor-size-default\"><a href=\"https:\/\/premiumbakt.pl\/\" target=\"_blank\">BIOTIK Polska Sp. z o.o. - Autoryzowany dystrybutor JMS-GLOBAL<\/a><\/h3>\t\t\t\t<\/div>\n\t\t\t\t\t<\/div>\n\t\t\t\t<\/div>\n\t\t<div class=\"elementor-element elementor-element-e29654a e-flex e-con-boxed wpr-particle-no wpr-jarallax-no wpr-parallax-no wpr-sticky-section-no e-con e-child\" data-id=\"e29654a\" data-element_type=\"container\" data-settings=\"{&quot;animation&quot;:&quot;none&quot;}\">\n\t\t\t\t\t<div class=\"e-con-inner\">\n\t\t\t\t<div class=\"elementor-element elementor-element-735717d elementor-invisible elementor-widget elementor-widget-image\" data-id=\"735717d\" data-element_type=\"widget\" data-settings=\"{&quot;_animation&quot;:&quot;fadeInUp&quot;}\" data-widget_type=\"image.default\">\n\t\t\t\t\t\t\t\t\t\t\t\t\t\t\t<img loading=\"lazy\" decoding=\"async\" width=\"800\" height=\"450\" src=\"https:\/\/biotikpolska.pl\/wp-content\/uploads\/2026\/01\/MIKROBIOLOGICZNE-PRODUKTY-NAWOZOWE-KUKURYDZA-1-1024x576.png\" class=\"attachment-large size-large wp-image-275\" alt=\"\" srcset=\"https:\/\/biotikpolska.pl\/wp-content\/uploads\/2026\/01\/MIKROBIOLOGICZNE-PRODUKTY-NAWOZOWE-KUKURYDZA-1-1024x576.png 1024w, https:\/\/biotikpolska.pl\/wp-content\/uploads\/2026\/01\/MIKROBIOLOGICZNE-PRODUKTY-NAWOZOWE-KUKURYDZA-1-300x169.png 300w, https:\/\/biotikpolska.pl\/wp-content\/uploads\/2026\/01\/MIKROBIOLOGICZNE-PRODUKTY-NAWOZOWE-KUKURYDZA-1-768x432.png 768w, https:\/\/biotikpolska.pl\/wp-content\/uploads\/2026\/01\/MIKROBIOLOGICZNE-PRODUKTY-NAWOZOWE-KUKURYDZA-1-1536x864.png 1536w, https:\/\/biotikpolska.pl\/wp-content\/uploads\/2026\/01\/MIKROBIOLOGICZNE-PRODUKTY-NAWOZOWE-KUKURYDZA-1.png 1920w\" sizes=\"(max-width: 800px) 100vw, 800px\" \/>\t\t\t\t\t\t\t\t\t\t\t\t\t\t\t<\/div>\n\t\t\t\t<div class=\"elementor-element elementor-element-3b2170b elementor-invisible elementor-widget elementor-widget-image\" data-id=\"3b2170b\" data-element_type=\"widget\" data-settings=\"{&quot;_animation&quot;:&quot;fadeInUp&quot;}\" data-widget_type=\"image.default\">\n\t\t\t\t\t\t\t\t\t\t\t\t\t\t\t<img loading=\"lazy\" decoding=\"async\" width=\"800\" height=\"450\" src=\"https:\/\/biotikpolska.pl\/wp-content\/uploads\/2026\/01\/MIKROBIOLOGICZNE-PRODUKTY-NAWOZOWE-BURAK-CUKROWY-1-1024x576.png\" class=\"attachment-large size-large wp-image-274\" alt=\"\" srcset=\"https:\/\/biotikpolska.pl\/wp-content\/uploads\/2026\/01\/MIKROBIOLOGICZNE-PRODUKTY-NAWOZOWE-BURAK-CUKROWY-1-1024x576.png 1024w, https:\/\/biotikpolska.pl\/wp-content\/uploads\/2026\/01\/MIKROBIOLOGICZNE-PRODUKTY-NAWOZOWE-BURAK-CUKROWY-1-300x169.png 300w, https:\/\/biotikpolska.pl\/wp-content\/uploads\/2026\/01\/MIKROBIOLOGICZNE-PRODUKTY-NAWOZOWE-BURAK-CUKROWY-1-768x432.png 768w, https:\/\/biotikpolska.pl\/wp-content\/uploads\/2026\/01\/MIKROBIOLOGICZNE-PRODUKTY-NAWOZOWE-BURAK-CUKROWY-1-1536x864.png 1536w, https:\/\/biotikpolska.pl\/wp-content\/uploads\/2026\/01\/MIKROBIOLOGICZNE-PRODUKTY-NAWOZOWE-BURAK-CUKROWY-1.png 1909w\" sizes=\"(max-width: 800px) 100vw, 800px\" \/>\t\t\t\t\t\t\t\t\t\t\t\t\t\t\t<\/div>\n\t\t\t\t<div class=\"elementor-element elementor-element-6aa8974 elementor-invisible elementor-widget elementor-widget-image\" data-id=\"6aa8974\" data-element_type=\"widget\" data-settings=\"{&quot;_animation&quot;:&quot;fadeInUp&quot;}\" data-widget_type=\"image.default\">\n\t\t\t\t\t\t\t\t\t\t\t\t\t\t\t<img loading=\"lazy\" decoding=\"async\" width=\"800\" height=\"450\" src=\"https:\/\/biotikpolska.pl\/wp-content\/uploads\/2026\/01\/MIKROBIOLOGICZNE-PRODUKTY-NAWOZOWE-POMIDORY-1-1024x576.png\" class=\"attachment-large size-large wp-image-276\" alt=\"\" srcset=\"https:\/\/biotikpolska.pl\/wp-content\/uploads\/2026\/01\/MIKROBIOLOGICZNE-PRODUKTY-NAWOZOWE-POMIDORY-1-1024x576.png 1024w, https:\/\/biotikpolska.pl\/wp-content\/uploads\/2026\/01\/MIKROBIOLOGICZNE-PRODUKTY-NAWOZOWE-POMIDORY-1-300x169.png 300w, https:\/\/biotikpolska.pl\/wp-content\/uploads\/2026\/01\/MIKROBIOLOGICZNE-PRODUKTY-NAWOZOWE-POMIDORY-1-768x432.png 768w, https:\/\/biotikpolska.pl\/wp-content\/uploads\/2026\/01\/MIKROBIOLOGICZNE-PRODUKTY-NAWOZOWE-POMIDORY-1-1536x864.png 1536w, https:\/\/biotikpolska.pl\/wp-content\/uploads\/2026\/01\/MIKROBIOLOGICZNE-PRODUKTY-NAWOZOWE-POMIDORY-1.png 1920w\" sizes=\"(max-width: 800px) 100vw, 800px\" \/>\t\t\t\t\t\t\t\t\t\t\t\t\t\t\t<\/div>\n\t\t\t\t<div class=\"elementor-element elementor-element-986ba8d elementor-invisible elementor-widget elementor-widget-image\" data-id=\"986ba8d\" data-element_type=\"widget\" data-settings=\"{&quot;_animation&quot;:&quot;fadeInUp&quot;}\" data-widget_type=\"image.default\">\n\t\t\t\t\t\t\t\t\t\t\t\t\t\t\t<img loading=\"lazy\" decoding=\"async\" width=\"800\" height=\"448\" src=\"https:\/\/biotikpolska.pl\/wp-content\/uploads\/2026\/01\/MIKROBIOLOGICZNE-PRODUKTY-NAWOZOWE-ZBOZE-e1769728838185-1024x573.png\" class=\"attachment-large size-large wp-image-263\" alt=\"\" srcset=\"https:\/\/biotikpolska.pl\/wp-content\/uploads\/2026\/01\/MIKROBIOLOGICZNE-PRODUKTY-NAWOZOWE-ZBOZE-e1769728838185-1024x573.png 1024w, https:\/\/biotikpolska.pl\/wp-content\/uploads\/2026\/01\/MIKROBIOLOGICZNE-PRODUKTY-NAWOZOWE-ZBOZE-e1769728838185-300x168.png 300w, https:\/\/biotikpolska.pl\/wp-content\/uploads\/2026\/01\/MIKROBIOLOGICZNE-PRODUKTY-NAWOZOWE-ZBOZE-e1769728838185-768x430.png 768w, https:\/\/biotikpolska.pl\/wp-content\/uploads\/2026\/01\/MIKROBIOLOGICZNE-PRODUKTY-NAWOZOWE-ZBOZE-e1769728838185-1536x860.png 1536w, https:\/\/biotikpolska.pl\/wp-content\/uploads\/2026\/01\/MIKROBIOLOGICZNE-PRODUKTY-NAWOZOWE-ZBOZE-e1769728838185.png 1920w\" sizes=\"(max-width: 800px) 100vw, 800px\" \/>\t\t\t\t\t\t\t\t\t\t\t\t\t\t\t<\/div>\n\t\t\t\t\t<\/div>\n\t\t\t\t<\/div>\n\t\t<div class=\"elementor-element elementor-element-3dc1522 e-con-full e-flex wpr-particle-no wpr-jarallax-no wpr-parallax-no wpr-sticky-section-no e-con e-child\" data-id=\"3dc1522\" data-element_type=\"container\">\n\t\t\t\t<div class=\"elementor-element elementor-element-93b2471 elementor-invisible elementor-widget elementor-widget-heading\" data-id=\"93b2471\" data-element_type=\"widget\" data-settings=\"{&quot;_animation&quot;:&quot;fadeInUp&quot;}\" data-widget_type=\"heading.default\">\n\t\t\t\t\t<h3 class=\"elementor-heading-title elementor-size-default\"> <\/h3>\t\t\t\t<\/div>\n\t\t\t\t<\/div>\n\t\t\t\t<\/div>\n\t\t\t\t<\/div>\n\t\t","protected":false},"excerpt":{"rendered":"<p>Mikrobiologiczne Produkty Nawozowe JMS-GLOBAL \u00a0GLEBOSTAN &#8211; NAWOZOWY PRODUKT MIKROBIOLOGICZNY \u2022 chroni przed niedoborem wody\u2022 zwi\u0119ksza plonowanie oraz zdrowotno\u015b\u0107 ro\u015blin\u2022 przywraca r\u00f3wnowag\u0119 mikrobiologiczn\u0105 gleby \u00a0STYMUL HUMIBAKT &#8211; STYMULATOR WZROSTU do stosowania w uprawach polowych \u2022 aktywuje i wzmacnia naturalne procesy fizjologiczne w ro\u015blinach\u2022 intensyfikuje dynamik\u0119 wzrostu ro\u015blin i plon\u00f3w\u2022 dopuszczony do upraw ekologicznych\u00a0 \u00a0HUMIBAKT &#8211; \u015aRODEK POPRAWIAJ\u0104CY W\u0141A\u015aCIWO\u015aCI GLEBY \u2022 chroni przed niedoborem wody\u2022 zwi\u0119ksza plonowanie oraz zdrowotno\u015b\u0107 ro\u015blin\u2022 przywraca r\u00f3wnowag\u0119 mikrobiologiczn\u0105 gleby BIOTIK Polska Sp. z o.o. &#8211; Autoryzowany dystrybutor JMS-GLOBAL<\/p>\n","protected":false},"author":2,"featured_media":0,"parent":0,"menu_order":0,"comment_status":"closed","ping_status":"closed","template":"","meta":{"footnotes":""},"class_list":["post-34","page","type-page","status-publish","hentry"],"_links":{"self":[{"href":"https:\/\/biotikpolska.pl\/index.php\/wp-json\/wp\/v2\/pages\/34","targetHints":{"allow":["GET"]}}],"collection":[{"href":"https:\/\/biotikpolska.pl\/index.php\/wp-json\/wp\/v2\/pages"}],"about":[{"href":"https:\/\/biotikpolska.pl\/index.php\/wp-json\/wp\/v2\/types\/page"}],"author":[{"embeddable":true,"href":"https:\/\/biotikpolska.pl\/index.php\/wp-json\/wp\/v2\/users\/2"}],"replies":[{"embeddable":true,"href":"https:\/\/biotikpolska.pl\/index.php\/wp-json\/wp\/v2\/comments?post=34"}],"version-history":[{"count":55,"href":"https:\/\/biotikpolska.pl\/index.php\/wp-json\/wp\/v2\/pages\/34\/revisions"}],"predecessor-version":[{"id":626,"href":"https:\/\/biotikpolska.pl\/index.php\/wp-json\/wp\/v2\/pages\/34\/revisions\/626"}],"wp:attachment":[{"href":"https:\/\/biotikpolska.pl\/index.php\/wp-json\/wp\/v2\/media?parent=34"}],"curies":[{"name":"wp","href":"https:\/\/api.w.org\/{rel}","templated":true}]}}